(z) = z + 6. Suppose 2*n - 6*n = 0. List the prime factors of s(n).
2, 3
Suppose -19*x + 15*x + 1336 = 0. List the prime factors of x.
2, 167
Let n(t) = -4*t**3 + t**2 + t - 3. Let l be n(-4). Let h be 1/6 - l/6. Let x = h + 76. List the prime factors of x.
2
Suppose 5 = -5*f + 10, 94 = 4*i + 2*f. Let y = -13 + i. Suppose y = 4*j - 2*j. List the prime factors of j.
5
Let r = -53 - -32. Let t = -25 - r. List the prime factors of t/8*-4 + 12.
2, 7
Suppose -9*v = -11*v + 354. Suppose -o + v = 2*o. List the prime factors of o.
59
Let b = -280 - -559. List the prime factors of b.
3, 31
Let x(k) = k - 3. Let q be x(6). What are the prime factors of q + (-48)/(-5 + 3)?
3
Let t(a) = a. Let k be t(3). What are the prime factors of (46*-1)/(-1) + k?
7
List the prime factors of (-20 - 4)*(0 + (-1164)/9).
2, 97
List the prime factors of (-3)/(-2) + (30415/14 - 3).
13, 167
Let j(g) = -204*g + 442. List the prime factors of j(-11).
2, 17, 79
Let s = 316 - 57. Suppose 0 = -7*y - 0*y + s. What are the prime factors of y?
37
Let s(k) be the third derivative of 3/2*k**3 + 1/60*k**5 + 6*k**2 + 0*k + 0 - 3/8*k**4. What are the prime factors of s(10)?
19
What are the prime factors of (-3274 + 27)/(-1*(-2)/(-2))?
17, 191
Suppose -5*c = 8*c - 104. What are the prime factors of 4/c*10 - -213?
2, 109
Suppose -4*u + 0*u - 3*o + 22 = 0, -4*o = 2*u - 16. Suppose u*n = -3*t + 798, -4*t - 78 = -3*n + 533. List the prime factors of n.
3, 67
Let z = 20 + -5. Let q be (-6)/(-9) - (-65)/z. Suppose -5*v + 4 = -v, 0 = q*s + 4*v - 144. List the prime factors of s.
2, 7
Let r = 63 - 33. Suppose 0 = -4*m + 12, 3*d - 4*m = 2*d + r. List the prime factors of d.
2, 3, 7
Let t = 775 + -527. Suppose 4*c - 4*b - 18 - 206 = 0, -4*c + t = 2*b. Let a = c + -24. What are the prime factors of a?
2, 3
Let z(m) = m**3 - 5*m**2 + 20. Let g be z(4). Suppose 2*p - 520 = -g*j, 2*j + 0*j + 3*p = 260. List the prime factors of j.
2, 5, 13
Let x = 15 + -8. Suppose 4*f - 3*c + x = 0, -3*f - 2*f = c + 4. List the prime factors of 26 - f*(-3 + 1).
2, 3
Let t = 22 - 31. Let n be (-2)/t - 367/(-9). Let d = -1 + n. List the prime factors of d.
2, 5
Let y = 7234 - 4832. What are the prime factors of y?
2, 1201
Let i(v) = -v**3 - 2*v**2 + 4*v - 13. Let z(y) = -2*y**3 - y**2 + 5*y - 13. Let m(d) = 3*i(d) - 2*z(d). List the prime factors of m(6).
71
Suppose 6*d - 2098 = -268. What are the prime factors of d?
5, 61
Suppose -4*s + 2*n = -1488, -5*s - n + 1869 = n. What are the prime factors of s?
373
Suppose -k - 8 = -h, 3*h - 2*k = 10 + 15. Let t be (-30)/h*72/20. Let z = t - -42. What are the prime factors of z?
2, 3, 5
Let n be (-12 + 13)/((-2)/(-10)). What are the prime factors of (36/75*n)/((-3)/(-15))?
2, 3
Let d(k) = 3*k**2 + 6*k + 4. Let a be d(-6). Let u = a + -51. What are the prime factors of u?
5
Suppose -2*c + 11 = 3*w - 5, 4*c = 2*w. Let m(l) = l**2 - 3*l + 15. List the prime factors of m(w).
19
Let k(w) = w**3 - 5*w**2 - 55*w - 57. List the prime factors of k(11).
2
Let j(k) = 8*k + 733. What are the prime factors of j(32)?
23, 43
Let l(h) = -h - 1. Let o(n) = -10*n + 4. Let u(c) = 2*l(c) - o(c). Suppose 0 = -3*a + 8*s - 4*s + 32, -4*s = a + 16. List the prime factors of u(a).
2, 13
What are the prime factors of 3474*(23 + -19)*1/8?
3, 193
Suppose -3*g = 4*a - 115, 0 = -5*g - a + 43 + 160. Let p(z) = z**3 + 19*z**2 + 19*z + 4. Let s be p(-18). Let h = g + s. List the prime factors of h.
3
Let i(s) = -2 + s - 1 + 35*s. List the prime factors of i(2).
3, 23
Let u(x) = 74*x**2 + x. Let w be u(1). Let t = -126 + w. Let q = -32 - t. What are the prime factors of q?
19
Let s(b) = -b + 14. Let a(k) = -k**3 + 5*k**2 + 8*k - 15. Let z be a(6). Let p(u) = -u + 15. Let o(t) = z*p(t) + 4*s(t). What are the prime factors of o(5)?
2, 3
Suppose -h = -6*h - 4*k - 505, -3*k = 0. Let u be 3 + 6*(22 - -1). Let a = u + h. What are the prime factors of a?
2, 5
Suppose 4*s + 16 + 16 = 0. What are the prime factors of s/10*(-120)/6?
2
Let p(g) = 246*g**2 + 4*g - 3. List the prime factors of p(2).
23, 43
Let q = -1350 + 2940. List the prime factors of q.
2, 3, 5, 53
Let j(x) be the third derivative of -x**5/60 + 13*x**4/24 - 2*x**3 - x**2. Suppose 4*f = 2*c - 6*c + 48, -2*f = -3*c + 21. What are the prime factors of j(c)?
2, 3
Let x(z) = -2. Let n(m) = 10*m**2 + m - 6. Let u(c) = 2*n(c) - 6*x(c). What are the prime factors of u(2)?
2, 3, 7
Suppose 4*p + 181 = 1173. List the prime factors of p.
2, 31
Suppose -1214 = -b - 4*p, -2*p - 313 = -2*b + 2105. List the prime factors of b.
2, 5, 11
Suppose 0 = 2*l + 3*m - 22, -2*l - 3*l - 4*m + 48 = 0. Suppose -173 = -l*p + 19. List the prime factors of p.
2, 3
Suppose -z = -3 - 17. List the prime factors of 6/8 - (-25)/z.
2
Let f = 63 - 59. Suppose -4 = f*i, -284 = -4*t + t + 2*i. What are the prime factors of t?
2, 47
Let s(i) = i**2 - 1. Let v be s(-2). Suppose -61 = -4*j + j - 4*g, -2*g - 10 = 0. Let u = j + v. What are the prime factors of u?
2, 3, 5
Suppose -3*m - 4*n + 39 = 0, 18 = -4*m - n + 70. Suppose -m*l = -17*l + 332. List the prime factors of l.
83
Suppose -5*w + 44 = -4*w. Suppose 56 = 3*k + 4*q, 5*q = 4*k - 10 - w. What are the prime factors of k?
2
Suppose -6*p + 3596 = -2488. List the prime factors of p.
2, 3, 13
Suppose -5 = -2*q + 1. List the prime factors of 4609/22 - 1*q/6.
11, 19
Let m(q) = -q**3 + 2*q**2 + 6*q - 3. Let d be m(3). List the prime factors of ((-4)/d)/(2/(-411)).
137
Let l(k) = -8*k + 4. Let f be l(1). Let a be f - (-2 - 2) - 14. What are the prime factors of ((-16)/10)/(a/70)?
2
Let j = -606 + 335. Let g(i) = 14*i**2 - 2*i. Let o be g(2). List the prime factors of 8/o - j/13.
3, 7
Suppose -w + 1634 = 4*y, -y = -6*y + w + 2038. What are the prime factors of y?
2, 3, 17
Suppose 4*d - 95 = 5*m, -106 = 2*d - 7*d + 2*m. Let c be (-1)/(-4) - (-115)/d. Suppose -3*f + c = -2*f. What are the prime factors of f?
2, 3
Let n = -2824 - -4351. List the prime factors of n.
3, 509
Suppose -5*t + 3 = -7. Suppose -t*c = 3*c - 310. What are the prime factors of c?
2, 31
Let t = 9 + -9. Suppose -10 = -5*c - 0, t = -2*d + 3*c. Suppose d*q + 5 = w, q - 85 = -4*w - 0*q. List the prime factors of w.
2, 5
Suppose -13 = -3*i - 4. Suppose 21 = 3*t + u - 102, -u = -i*t + 117. What are the prime factors of t?
2, 5
Suppose 0 = 2*o - 8202 + 412. List the prime factors of o.
5, 19, 41
Suppose -2*b + 6*b = 8, 3*u + 3*b = 48. Suppose 4*n = -n - x + u, 22 = 5*n + 3*x. List the prime factors of 671/33 - n/6.
2, 5
Let d = 5 + 9. Let p = 21 - d. Suppose -q - p = -2*o + 6, o - 4*q = -11. List the prime factors of o.
3
Let n(k) = 14*k + 18. Suppose 0 = 9*v - v + 104. Let x be n(v). List the prime factors of (4 - 3)/((-4)/x).
41
Let y(s) = 274*s - 198. List the prime factors of y(2).
2, 5, 7
Let g(d) = -7*d**2 + 0 + 0 - 1. Let w be g(2). Let a = -15 - w. List the prime factors of a.
2, 7
Suppose 0*k - 3*k = r - 16, -36 = -4*r - 5*k. Suppose -2*l = -3*l + r. List the prime factors of 8 + (l + -1)/(-3).
7
Let n(q) = 91*q - 3. Let l be n(3). Let k = 55 + -55. Suppose -5*d + l + 120 = k. What are the prime factors of d?
2, 3, 13
Let w(h) = h**2 - 14*h - 14. Suppose 56 = v - 11. Suppose 0 = 2*f + 2*p - 32, -p = -2*f + 6*f - v. What are the prime factors of w(f)?
37
Suppose -5*d + 5*q = -3*d + 54, 5*q - 32 = d. Let w = 13 + d. Let y = w - -19. What are the prime factors of y?
2, 5
Let f be -1 + 1*12/(-2). Let k(g) = g**3 + 9*g**2 + 4*g - 3. What are the prime factors of k(f)?
67
Let y = 60 - 140. Let i = 89 + y. What are the prime factors of i?
3
Suppose -4*x + 994 = -2*p - 628, 5*x = -2*p + 2041. List the prime factors of x.
11, 37
Let s = 32 - 59. What are the prime factors of s*4/((-12)/15)?
3, 5
Suppose 76 = l - 183. List the prime factors of l.
7, 37
Let t(d) = 12*d + 1. Let x be t(-1). Let m = 263 + -206. Let f = m + x. List the prime factors of f.
2, 23
Let s be (180/(-14))/(24/(-112)). Let p = 7 + s. What are the prime factors of p?
67
Let g be 11/3 - 4/6. Suppose 0 = 3*f - 0 - 12. Suppose -4*r = -2*k - 0 + 2, -f*r = -g*k + 9. List the prime factors of k.
7
Suppose -3*d + 303 = -2*d - 3*h, -5*d + 4*h = -1537. List the prime factors of d.
3, 103
Let w = -981 + 3072. What are the prime factors of w?
3, 17, 41
Suppose 4*k + 20 = 14*k. List the prime factors of k/(-4)*(572/(-2) - -8